 common factor of 478 and 103898558?
478
What is the greatest common divisor of 69438730 and 1558?
38
What is the greatest common factor of 2672 and 1392816?
16
What is the greatest common factor of 38761 and 7967020?
467
What is the highest common divisor of 96 and 2928036?
12
Calculate the highest common divisor of 6348 and 690828.
276
Calculate the greatest common factor of 1369233 and 2033559.
1503
Calculate the highest common factor of 666913 and 10431.
61
What is the greatest common factor of 759 and 22646877?
33
Calculate the highest common divisor of 665295 and 82790.
85
Calculate the greatest common divisor of 219 and 39995.
1
What is the greatest common divisor of 838912 and 3585038?
6554
What is the highest common factor of 27 and 221443173?
27
Calculate the highest common divisor of 264 and 7357922.
22
Calculate the highest common factor of 2238633 and 90.
9
What is the highest common divisor of 10131519 and 39?
3
What is the greatest common divisor of 1068 and 708060?
12
Calculate the highest common divisor of 206388127 and 4066.
2033
What is the greatest common factor of 114716 and 23759708?
6748
Calculate the greatest common divisor of 3749657 and 1.
1
Calculate the highest common factor of 29744 and 1067.
11
What is the highest common divisor of 440110 and 1430?
110
Calculate the highest common divisor of 5155062 and 1506714.
2442
What is the greatest common divisor of 25 and 9335?
5
Calculate the greatest common factor of 47686 and 1094744.
226
Calculate the highest common divisor of 33 and 1607052.
3
Calculate the highest common factor of 17901 and 605761.
221
What is the greatest common factor of 19809 and 2611451?
71
Calculate the highest common divisor of 414838777 and 34.
17
Calculate the greatest common divisor of 4514 and 1471686.
122
Calculate the greatest common factor of 2016 and 57886992.
144
What is the greatest common divisor of 845976389 and 103?
103
What is the greatest common factor of 1326 and 5029791?
39
What is the greatest common divisor of 48 and 323656?
8
Calculate the highest common factor of 239465 and 98843.
1019
What is the greatest common divisor of 5795128 and 203?
29
Calculate the highest common divisor of 6347715 and 73.
73
Calculate the greatest common divisor of 856 and 137713708.
428
What is the greatest common divisor of 164869 and 128020?
173
Calculate the greatest common divisor of 499876 and 650.
26
What is the highest common factor of 29098920 and 156?
12
Calculate the highest common factor of 1191174456 and 24.
24
What is the greatest common factor of 103510191 and 1662?
831
Calculate the highest common factor of 135 and 7028040.
15
Calculate the greatest common factor of 166760 and 945984.
3032
Calculate the highest common factor of 10 and 48374555.
5
What is the highest common factor of 74 and 105839462?
74
Calculate the greatest common divisor of 962181449 and 404.
101
What is the greatest common divisor of 242 and 196840468?
22
Calculate the highest common factor of 5576 and 15038472.
5576
Calculate the highest common divisor of 8046 and 2299368.
894
Calculate the highest common divisor of 282274 and 143510.
226
Calculate the greatest common divisor of 5077825 and 276.
23
Calculate the highest common factor of 16413028 and 2628.
292
Calculate the highest common divisor of 29075736 and 624.
24
Calculate the greatest common factor of 22764 and 293937.
21
Calculate the greatest common factor of 180 and 10188.
36
Calculate the highest common factor of 1204 and 10955884.
172
Calculate the greatest common divisor of 38 and 165724954.
38
What is the highest common divisor of 2736 and 332017248?
912
Calculate the greatest common divisor of 28952010 and 29070.
1710
Calculate the highest common divisor of 11660 and 1472127470.
5830
Calculate the greatest common divisor of 10668 and 109536.
84
What is the greatest common factor of 35 and 369461155?
35
Calculate the highest common factor of 154230 and 4775989.
5141
Calculate the highest common divisor of 4553 and 161376532.
4553
Calculate the highest common divisor of 72645 and 49103177.
4843
What is the greatest common factor of 40650 and 564222?
1626
What is the greatest common divisor of 491 and 797232281?
491
Calculate the greatest common factor of 3626359 and 4807.
209
What is the highest common divisor of 16617 and 10679001?
573
What is the highest common divisor of 67890722 and 344?
86
Calculate the highest common factor of 14 and 89680255.
7
Calculate the greatest common factor of 547632 and 2196.
36
What is the highest common divisor of 551349933 and 34?
17
Calculate the highest common factor of 214127 and 114875.
919
Calculate the greatest common factor of 30 and 61227900.
30
Calculate the highest common divisor of 17087272 and 4.
4
What is the highest common divisor of 4416 and 594872?
184
What is the highest common factor of 3699 and 3160727?
137
What is the highest common divisor of 2075568 and 3102?
66
Calculate the greatest common factor of 66706904 and 88.
88
What is the greatest common factor of 966 and 652943136?
138
Calculate the highest common factor of 1267 and 19926109.
1267
What is the greatest common divisor of 3275237 and 51?
17
Calculate the highest common divisor of 692798 and 62.
2
What is the greatest common divisor of 457348 and 10406?
86
What is the greatest common divisor of 2009326 and 6776?
242
Calculate the greatest common factor of 201921585 and 1821.
1821
What is the greatest common divisor of 19924 and 969244?
1172
What is the highest common divisor of 261656197 and 935?
187
What is the highest common divisor of 38367 and 28971?
783
What is the highest common divisor of 354372 and 4868?
4
What is the highest common divisor of 1239666918 and 16716?
8358
Calculate the highest common factor of 37089290 and 245.
35
What is the highest common divisor of 6621944 and 4928?
56
Calculate the highest common factor of 1533650712 and 264.
264
What is the highest common factor of 4521 and 788709?
411
Calculate the greatest common divisor of 54648 and 18541864.
2024
Calculate the highest common divisor of 9524603 and 202.
101
What is the highest common divisor of 24668 and 540?
4
What is the highest common factor of 12094910 and 10?
10
What is the highest common divisor of 11 and 27240224?
11
Calculate the greatest common factor of 45824 and 844.
4
What is the greatest common factor of 783 and 64196865?
261
Calculate the greatest common divisor of 1197750 and 378750.
750
What is the greatest common factor of 53475 and 24815965?
3565
Calculate the greatest common factor of 9932 and 1046075485.
2483
Calculate the greatest common divisor of 419 and 2833697.
419
What is the greatest common divisor of 2370561 and 8399?
227
Calculate the greatest common divisor of 336 and 161041824.
48
Calculate the highest common factor of 3 and 3791154.
3
Calculate the highest common factor of 9631900 and 30500.
6100
Calculate the greatest common factor of 1108 and 3391034.
554
What is the highest common factor of 183587158 and 1589?
227
Calculate the highest common factor of 943445 and 12350.
95
Calculate the greatest common divisor of 169 and 2786121.
13
What is the greatest common factor of 1447510488 and 12216?
12216
What is the greatest common factor of 213503038 and 532?
266
Calculate the greatest common divisor of 3805746 and 19425.
777
Calculate the highest common factor of 158125417 and 39683.
5669
What is the greatest common factor of 7227 and 3120093?
657
Calculate the highest common divisor of 685144 and 152.
8
Calculate the highest common factor of 381 and 64303021.
127
What is the greatest common factor of 3790423 and 11921?
91
Calculate the highest common divisor of 41590902 and 1643.
1643
Calculate the greatest common factor of 485 and 186007685.
485
What is the highest common factor of 32 and 32607120?
16
What is the highest common divisor of 54 and 108765729?
9
Calculate the greatest common divisor of 104449894 and 298.
298
Calculate the greatest common divisor of 14292 and 57185468.
1588
Calculate the greatest common factor of 7 and 1973601.
7
What is the highest common divisor of 54008 and 5152112?
1256
What is the highest common divisor of 2842716 and 102?
6
Calculate the highest common factor of 12231304 and 56.
8
Wh